[INFO] cloning repository https://github.com/weather94/secretbet
[INFO] running `Command { std: "git" "-c" "credential.helper=" "-c" "credential.helper=/workspace/cargo-home/bin/git-credential-null" "clone" "--bare" "https://github.com/weather94/secretbet" "/workspace/cache/git-repos/https%3A%2F%2Fgithub.com%2Fweather94%2Fsecretbet", kill_on_drop: false }`
[INFO] [stderr] Cloning into bare repository '/workspace/cache/git-repos/https%3A%2F%2Fgithub.com%2Fweather94%2Fsecretbet'...
[INFO] running `Command { std: "git" "rev-parse" "HEAD", kill_on_drop: false }`
[INFO] [stdout] 714f4f6dc37228ce672f4bff5b73c4e5b89448e3
[INFO] building weather94/secretbet against master#881c1ac408d93bb7adaa3a51dabab9266e82eee8 for issue-85264
[INFO] running `Command { std: "git" "clone" "/workspace/cache/git-repos/https%3A%2F%2Fgithub.com%2Fweather94%2Fsecretbet" "/workspace/builds/worker-3/source", kill_on_drop: false }`
[INFO] [stderr] Cloning into '/workspace/builds/worker-3/source'...
[INFO] [stderr] done.
[INFO] validating manifest of git repo https://github.com/weather94/secretbet on toolchain 881c1ac408d93bb7adaa3a51dabab9266e82eee8
[INFO] running `Command { std: "/workspace/cargo-home/bin/cargo" "+881c1ac408d93bb7adaa3a51dabab9266e82eee8" "metadata" "--manifest-path" "Cargo.toml" "--no-deps", kill_on_drop: false }`
[INFO] removed /workspace/builds/worker-3/source/.cargo/config
[INFO] started tweaking git repo https://github.com/weather94/secretbet
[INFO] finished tweaking git repo https://github.com/weather94/secretbet
[INFO] tweaked toml for git repo https://github.com/weather94/secretbet written to /workspace/builds/worker-3/source/Cargo.toml
[INFO] crate git repo https://github.com/weather94/secretbet already has a lockfile, it will not be regenerated
[INFO] running `Command { std: "/workspace/cargo-home/bin/cargo" "+881c1ac408d93bb7adaa3a51dabab9266e82eee8" "fetch" "--manifest-path" "Cargo.toml", kill_on_drop: false }`
[INFO] [stderr]     Updating git repository `https://github.com/enigmampc/SecretNetwork`
[INFO] [stderr]     Blocking waiting for file lock on package cache
[INFO] [stderr]  Downloading crates ...
[INFO] [stderr]   Downloaded snafu-derive v0.6.8
[INFO] [stderr]   Downloaded snafu v0.6.8
[INFO] running `Command { std: "docker" "create" "-v" "/var/lib/crater-agent-workspace/builds/worker-3/target:/opt/rustwide/target:rw,Z" "-v" "/var/lib/crater-agent-workspace/builds/worker-3/source:/opt/rustwide/workdir:ro,Z" "-v" "/var/lib/crater-agent-workspace/cargo-home:/opt/rustwide/cargo-home:ro,Z" "-v" "/var/lib/crater-agent-workspace/rustup-home:/opt/rustwide/rustup-home:ro,Z" "-e" "SOURCE_DIR=/opt/rustwide/workdir" "-e" "CARGO_TARGET_DIR=/opt/rustwide/target" "-e" "CARGO_HOME=/opt/rustwide/cargo-home" "-e" "RUSTUP_HOME=/opt/rustwide/rustup-home" "-w" "/opt/rustwide/workdir" "-m" "1610612736" "--user" "0:0" "--network" "none" "ghcr.io/rust-lang/crates-build-env/linux@sha256:20528e8c29e4536546f0102ce88568b16ea7538393a33fcca951030f7af10457" "/opt/rustwide/cargo-home/bin/cargo" "+881c1ac408d93bb7adaa3a51dabab9266e82eee8" "metadata" "--no-deps" "--format-version=1", kill_on_drop: false }`
[INFO] [stdout] cc6917dea2f38c6d57452cf00235daaa249b7dc714237c4b0b17a3f8338ec6f2
[INFO] [stderr] WARNING: Your kernel does not support swap limit capabilities or the cgroup is not mounted. Memory limited without swap.
[INFO] running `Command { std: "docker" "start" "-a" "cc6917dea2f38c6d57452cf00235daaa249b7dc714237c4b0b17a3f8338ec6f2", kill_on_drop: false }`
[INFO] running `Command { std: "docker" "inspect" "cc6917dea2f38c6d57452cf00235daaa249b7dc714237c4b0b17a3f8338ec6f2", kill_on_drop: false }`
[INFO] running `Command { std: "docker" "rm" "-f" "cc6917dea2f38c6d57452cf00235daaa249b7dc714237c4b0b17a3f8338ec6f2", kill_on_drop: false }`
[INFO] [stdout] cc6917dea2f38c6d57452cf00235daaa249b7dc714237c4b0b17a3f8338ec6f2
[INFO] running `Command { std: "docker" "create" "-v" "/var/lib/crater-agent-workspace/builds/worker-3/target:/opt/rustwide/target:rw,Z" "-v" "/var/lib/crater-agent-workspace/builds/worker-3/source:/opt/rustwide/workdir:ro,Z" "-v" "/var/lib/crater-agent-workspace/cargo-home:/opt/rustwide/cargo-home:ro,Z" "-v" "/var/lib/crater-agent-workspace/rustup-home:/opt/rustwide/rustup-home:ro,Z" "-e" "SOURCE_DIR=/opt/rustwide/workdir" "-e" "CARGO_TARGET_DIR=/opt/rustwide/target" "-e" "CARGO_INCREMENTAL=0" "-e" "RUST_BACKTRACE=full" "-e" "RUSTFLAGS=--cap-lints=forbid" "-e" "CARGO_HOME=/opt/rustwide/cargo-home" "-e" "RUSTUP_HOME=/opt/rustwide/rustup-home" "-w" "/opt/rustwide/workdir" "-m" "1610612736" "--user" "0:0" "--network" "none" "ghcr.io/rust-lang/crates-build-env/linux@sha256:20528e8c29e4536546f0102ce88568b16ea7538393a33fcca951030f7af10457" "/opt/rustwide/cargo-home/bin/cargo" "+881c1ac408d93bb7adaa3a51dabab9266e82eee8" "build" "--frozen" "--message-format=json", kill_on_drop: false }`
[INFO] [stderr] WARNING: Your kernel does not support swap limit capabilities or the cgroup is not mounted. Memory limited without swap.
[INFO] [stdout] 35c027ec7c034f6f28cc12aafd04e8f5a23046efb011586b0d47bbf095419698
[INFO] running `Command { std: "docker" "start" "-a" "35c027ec7c034f6f28cc12aafd04e8f5a23046efb011586b0d47bbf095419698", kill_on_drop: false }`
[INFO] [stderr]    Compiling unicode-xid v0.2.1
[INFO] [stderr]    Compiling syn v1.0.39
[INFO] [stderr]    Compiling serde v1.0.115
[INFO] [stderr]    Compiling ryu v1.0.5
[INFO] [stderr]    Compiling version_check v0.9.2
[INFO] [stderr]    Compiling doc-comment v0.3.3
[INFO] [stderr]    Compiling schemars v0.7.6
[INFO] [stderr]    Compiling base64 v0.11.0
[INFO] [stderr]    Compiling cfg-if v0.1.10
[INFO] [stderr]    Compiling rand_core v0.5.1
[INFO] [stderr]    Compiling opaque-debug v0.3.0
[INFO] [stderr]    Compiling cpuid-bool v0.1.2
[INFO] [stderr]    Compiling proc-macro2 v1.0.19
[INFO] [stderr]    Compiling rand_chacha v0.2.2
[INFO] [stderr]    Compiling generic-array v0.14.4
[INFO] [stderr]    Compiling quote v1.0.7
[INFO] [stderr]    Compiling digest v0.9.0
[INFO] [stderr]    Compiling block-buffer v0.9.0
[INFO] [stderr]    Compiling sha2 v0.9.1
[INFO] [stderr]    Compiling serde_derive_internals v0.25.0
[INFO] [stderr]    Compiling serde_derive v1.0.115
[INFO] [stderr]    Compiling schemars_derive v0.7.6
[INFO] [stderr]    Compiling snafu-derive v0.6.8
[INFO] [stderr]    Compiling snafu v0.6.8
[INFO] [stderr]    Compiling serde_json v1.0.57
[INFO] [stderr]    Compiling serde-json-wasm v0.2.1
[INFO] [stderr]    Compiling cosmwasm-std v0.10.0 (https://github.com/enigmampc/SecretNetwork?tag=v0.8.0#e7f698a7)
[INFO] [stderr]    Compiling cosmwasm-storage v0.10.0 (https://github.com/enigmampc/SecretNetwork?tag=v0.8.0#e7f698a7)
[INFO] [stderr]    Compiling wasmbet-contract-timeroulette v0.1.0 (/opt/rustwide/workdir)
[INFO] [stderr]     Finished dev [unoptimized + debuginfo] target(s) in 51.02s
[INFO] running `Command { std: "docker" "inspect" "35c027ec7c034f6f28cc12aafd04e8f5a23046efb011586b0d47bbf095419698", kill_on_drop: false }`
[INFO] running `Command { std: "docker" "rm" "-f" "35c027ec7c034f6f28cc12aafd04e8f5a23046efb011586b0d47bbf095419698", kill_on_drop: false }`
[INFO] [stdout] 35c027ec7c034f6f28cc12aafd04e8f5a23046efb011586b0d47bbf095419698
[INFO] running `Command { std: "docker" "create" "-v" "/var/lib/crater-agent-workspace/builds/worker-3/target:/opt/rustwide/target:rw,Z" "-v" "/var/lib/crater-agent-workspace/builds/worker-3/source:/opt/rustwide/workdir:ro,Z" "-v" "/var/lib/crater-agent-workspace/cargo-home:/opt/rustwide/cargo-home:ro,Z" "-v" "/var/lib/crater-agent-workspace/rustup-home:/opt/rustwide/rustup-home:ro,Z" "-e" "SOURCE_DIR=/opt/rustwide/workdir" "-e" "CARGO_TARGET_DIR=/opt/rustwide/target" "-e" "CARGO_INCREMENTAL=0" "-e" "RUST_BACKTRACE=full" "-e" "RUSTFLAGS=--cap-lints=forbid" "-e" "CARGO_HOME=/opt/rustwide/cargo-home" "-e" "RUSTUP_HOME=/opt/rustwide/rustup-home" "-w" "/opt/rustwide/workdir" "-m" "1610612736" "--user" "0:0" "--network" "none" "ghcr.io/rust-lang/crates-build-env/linux@sha256:20528e8c29e4536546f0102ce88568b16ea7538393a33fcca951030f7af10457" "/opt/rustwide/cargo-home/bin/cargo" "+881c1ac408d93bb7adaa3a51dabab9266e82eee8" "test" "--frozen" "--no-run" "--message-format=json", kill_on_drop: false }`
[INFO] [stdout] cd2b2bec6ad0cce9f7e8951be72008c01b37f4f3ee202f2eebbecc0ba5d3108a
[INFO] [stderr] WARNING: Your kernel does not support swap limit capabilities or the cgroup is not mounted. Memory limited without swap.
[INFO] running `Command { std: "docker" "start" "-a" "cd2b2bec6ad0cce9f7e8951be72008c01b37f4f3ee202f2eebbecc0ba5d3108a", kill_on_drop: false }`
[INFO] [stderr]    Compiling wasmbet-contract-timeroulette v0.1.0 (/opt/rustwide/workdir)
[INFO] [stdout] error[E0432]: unresolved import `cosmwasm_schema`
[INFO] [stdout]  --> examples/schema.rs:4:5
[INFO] [stdout]   |
[INFO] [stdout] 4 | use cosmwasm_schema::{export_schema, remove_schemas, schema_for};
[INFO] [stdout]   |     ^^^^^^^^^^^^^^^ use of undeclared crate or module `cosmwasm_schema`
[INFO] [stdout] 
[INFO] [stdout] 
[INFO] [stdout] error[E0432]: unresolved import `wasmbet_contract_timeroulette::msg::StateResponse`
[INFO] [stdout]  --> examples/schema.rs:6:42
[INFO] [stdout]   |
[INFO] [stdout] 6 | use wasmbet_contract_timeroulette::msg::{StateResponse,RoomStateResponse, HandleMsg, InitMsg, QueryMsg};
[INFO] [stdout]   |                                          ^^^^^^^^^^^^^
[INFO] [stdout]   |                                          |
[INFO] [stdout]   |                                          no `StateResponse` in `msg`
[INFO] [stdout]   |                                          help: a similar name exists in the module: `StakeResponse`
[INFO] [stdout] 
[INFO] [stdout] 
[INFO] [stdout] error[E0432]: unresolved import `wasmbet_contract_timeroulette::state::State`
[INFO] [stdout]  --> examples/schema.rs:7:5
[INFO] [stdout]   |
[INFO] [stdout] 7 | use wasmbet_contract_timeroulette::state::State;
[INFO] [stdout]   |     ^^^^^^^^^^^^^^^^^^^^^^^^^^^^^^^^^^^^^^^^^^^ no `State` in `state`
[INFO] [stdout] 
[INFO] [stdout] 
[INFO] [stdout] error: cannot determine resolution for the macro `schema_for`
[INFO] [stdout]   --> examples/schema.rs:20:20
[INFO] [stdout]    |
[INFO] [stdout] 20 |     export_schema(&schema_for!(RoomStateResponse), &out_dir);
[INFO] [stdout]    |                    ^^^^^^^^^^
[INFO] [stdout]    |
[INFO] [stdout]    = note: import resolution is stuck, try simplifying macro imports
[INFO] [stdout] 
[INFO] [stdout] 
[INFO] [stdout] error: cannot determine resolution for the macro `schema_for`
[INFO] [stdout]   --> examples/schema.rs:19:20
[INFO] [stdout]    |
[INFO] [stdout] 19 |     export_schema(&schema_for!(StateResponse), &out_dir);
[INFO] [stdout]    |                    ^^^^^^^^^^
[INFO] [stdout]    |
[INFO] [stdout]    = note: import resolution is stuck, try simplifying macro imports
[INFO] [stdout] 
[INFO] [stdout] 
[INFO] [stdout] error: cannot determine resolution for the macro `schema_for`
[INFO] [stdout]   --> examples/schema.rs:18:20
[INFO] [stdout]    |
[INFO] [stdout] 18 |     export_schema(&schema_for!(State), &out_dir);
[INFO] [stdout]    |                    ^^^^^^^^^^
[INFO] [stdout]    |
[INFO] [stdout]    = note: import resolution is stuck, try simplifying macro imports
[INFO] [stdout] 
[INFO] [stdout] 
[INFO] [stdout] error: cannot determine resolution for the macro `schema_for`
[INFO] [stdout]   --> examples/schema.rs:17:20
[INFO] [stdout]    |
[INFO] [stdout] 17 |     export_schema(&schema_for!(QueryMsg), &out_dir);
[INFO] [stdout]    |                    ^^^^^^^^^^
[INFO] [stdout]    |
[INFO] [stdout]    = note: import resolution is stuck, try simplifying macro imports
[INFO] [stdout] 
[INFO] [stdout] 
[INFO] [stdout] error: cannot determine resolution for the macro `schema_for`
[INFO] [stdout]   --> examples/schema.rs:16:20
[INFO] [stdout]    |
[INFO] [stdout] 16 |     export_schema(&schema_for!(HandleMsg), &out_dir);
[INFO] [stdout]    |                    ^^^^^^^^^^
[INFO] [stdout]    |
[INFO] [stdout]    = note: import resolution is stuck, try simplifying macro imports
[INFO] [stdout] 
[INFO] [stdout] 
[INFO] [stdout] error: cannot determine resolution for the macro `schema_for`
[INFO] [stdout]   --> examples/schema.rs:15:20
[INFO] [stdout]    |
[INFO] [stdout] 15 |     export_schema(&schema_for!(InitMsg), &out_dir);
[INFO] [stdout]    |                    ^^^^^^^^^^
[INFO] [stdout]    |
[INFO] [stdout]    = note: import resolution is stuck, try simplifying macro imports
[INFO] [stdout] 
[INFO] [stdout] 
[INFO] [stdout] warning: unused imports: `HandleMsg`, `InitMsg`, `QueryMsg`, `RoomStateResponse`
[INFO] [stdout]  --> examples/schema.rs:6:56
[INFO] [stdout]   |
[INFO] [stdout] 6 | use wasmbet_contract_timeroulette::msg::{StateResponse,RoomStateResponse, HandleMsg, InitMsg, QueryMsg};
[INFO] [stdout]   |                                                        ^^^^^^^^^^^^^^^^^  ^^^^^^^^^  ^^^^^^^  ^^^^^^^^
[INFO] [stdout]   |
[INFO] [stdout]   = note: `#[warn(unused_imports)]` on by default
[INFO] [stdout] 
[INFO] [stdout] 
[INFO] [stdout] error: aborting due to 9 previous errors; 1 warning emitted
[INFO] [stdout] 
[INFO] [stdout] 
[INFO] [stdout] For more information about this error, try `rustc --explain E0432`.
[INFO] [stdout] 
[INFO] [stderr] error: could not compile `wasmbet-contract-timeroulette`
[INFO] [stderr] 
[INFO] [stderr] To learn more, run the command again with --verbose.
[INFO] [stderr] warning: build failed, waiting for other jobs to finish...
[INFO] [stdout] error: couldn't read tests/../target/wasm32-unknown-unknown/release/wasmbet_contract_timeroulette.wasm: No such file or directory (os error 2)
[INFO] [stdout]   --> tests/integration.rs:26:22
[INFO] [stdout]    |
[INFO] [stdout] 26 | static WASM: &[u8] = include_bytes!("../target/wasm32-unknown-unknown/release/wasmbet_contract_timeroulette.wasm");
[INFO] [stdout]    |                      ^^^^^^^^^^^^^^^^^^^^^^^^^^^^^^^^^^^^^^^^^^^^^^^^^^^^^^^^^^^^^^^^^^^^^^^^^^^^^^^^^^^^^^^^^^^^^
[INFO] [stdout]    |
[INFO] [stdout]    = note: this error originates in a macro (in Nightly builds, run with -Z macro-backtrace for more info)
[INFO] [stdout] 
[INFO] [stdout] 
[INFO] [stdout] error[E0433]: failed to resolve: use of undeclared crate or module `cosmwasm_vm`
[INFO] [stdout]   --> tests/integration.rs:21:5
[INFO] [stdout]    |
[INFO] [stdout] 21 | use cosmwasm_vm::testing::{handle, init, mock_env, mock_instance, query};
[INFO] [stdout]    |     ^^^^^^^^^^^ use of undeclared crate or module `cosmwasm_vm`
[INFO] [stdout] 
[INFO] [stdout] 
[INFO] [stdout] error[E0432]: unresolved import `wasmbet_contract_timeroulette::msg::StateResponse`
[INFO] [stdout]   --> tests/integration.rs:23:60
[INFO] [stdout]    |
[INFO] [stdout] 23 | use wasmbet_contract_timeroulette::msg::{RoomStateResponse,StateResponse, HandleMsg, InitMsg, QueryMsg};
[INFO] [stdout]    |                                                            ^^^^^^^^^^^^^
[INFO] [stdout]    |                                                            |
[INFO] [stdout]    |                                                            no `StateResponse` in `msg`
[INFO] [stdout]    |                                                            help: a similar name exists in the module: `StakeResponse`
[INFO] [stdout] 
[INFO] [stdout] 
[INFO] [stdout] error[E0425]: cannot find function `mock_instance` in this scope
[INFO] [stdout]   --> tests/integration.rs:33:20
[INFO] [stdout]    |
[INFO] [stdout] 33 |     let mut deps = mock_instance(WASM, &[]);
[INFO] [stdout]    |                    ^^^^^^^^^^^^^ not found in this scope
[INFO] [stdout] 
[INFO] [stdout] 
[INFO] [stdout] error[E0574]: expected struct, variant or union type, found enum `InitMsg`
[INFO] [stdout]   --> tests/integration.rs:36:15
[INFO] [stdout]    |
[INFO] [stdout] 36 |     let msg = InitMsg {
[INFO] [stdout]    |               ^^^^^^^ not a struct, variant or union type
[INFO] [stdout] 
[INFO] [stdout] 
[INFO] [stdout] error[E0425]: cannot find function `mock_env` in this scope
[INFO] [stdout]   --> tests/integration.rs:42:15
[INFO] [stdout]    |
[INFO] [stdout] 42 |     let env = mock_env("creator", &coins(10000000000000000, "ukrw"));
[INFO] [stdout]    |               ^^^^^^^^ not found in this scope
[INFO] [stdout]    |
[INFO] [stdout] help: consider importing this function
[INFO] [stdout]    |
[INFO] [stdout] 20 | use cosmwasm_std::testing::mock_env;
[INFO] [stdout]    |
[INFO] [stdout] 
[INFO] [stdout] 
[INFO] [stdout] error[E0425]: cannot find function `init` in this scope
[INFO] [stdout]   --> tests/integration.rs:45:29
[INFO] [stdout]    |
[INFO] [stdout] 45 |     let res: InitResponse = init(&mut deps, env, msg).unwrap();
[INFO] [stdout]    |                             ^^^^ not found in this scope
[INFO] [stdout]    |
[INFO] [stdout] help: consider importing this function
[INFO] [stdout]    |
[INFO] [stdout] 20 | use wasmbet_contract_timeroulette::contract::init;
[INFO] [stdout]    |
[INFO] [stdout] 
[INFO] [stdout] 
[INFO] [stdout] error[E0425]: cannot find function `query` in this scope
[INFO] [stdout]   --> tests/integration.rs:49:15
[INFO] [stdout]    |
[INFO] [stdout] 49 |     let res = query(&mut deps, QueryMsg::Getstate{}).unwrap();
[INFO] [stdout]    |               ^^^^^ not found in this scope
[INFO] [stdout]    |
[INFO] [stdout] help: consider importing this function
[INFO] [stdout]    |
[INFO] [stdout] 20 | use wasmbet_contract_timeroulette::contract::query;
[INFO] [stdout]    |
[INFO] [stdout] 
[INFO] [stdout] 
[INFO] [stdout] error[E0425]: cannot find function `mock_env` in this scope
[INFO] [stdout]   --> tests/integration.rs:58:19
[INFO] [stdout]    |
[INFO] [stdout] 58 |     let mut env = mock_env("creator", &coins(2000000, "ukrw"));
[INFO] [stdout]    |                   ^^^^^^^^ not found in this scope
[INFO] [stdout]    |
[INFO] [stdout] help: consider importing this function
[INFO] [stdout]    |
[INFO] [stdout] 20 | use cosmwasm_std::testing::mock_env;
[INFO] [stdout]    |
[INFO] [stdout] 
[INFO] [stdout] 
[INFO] [stdout] error[E0425]: cannot find function `mock_env` in this scope
[INFO] [stdout]   --> tests/integration.rs:61:16
[INFO] [stdout]    |
[INFO] [stdout] 61 |     let env2 = mock_env("creator2", &coins(2000000, "ukrw"));
[INFO] [stdout]    |                ^^^^^^^^ not found in this scope
[INFO] [stdout]    |
[INFO] [stdout] help: consider importing this function
[INFO] [stdout]    |
[INFO] [stdout] 20 | use cosmwasm_std::testing::mock_env;
[INFO] [stdout]    |
[INFO] [stdout] 
[INFO] [stdout] 
[INFO] [stdout] error[E0425]: cannot find function `handle` in this scope
[INFO] [stdout]   --> tests/integration.rs:78:46
[INFO] [stdout]    |
[INFO] [stdout] 78 |     let try_ruler_response: HandleResponse = handle(&mut deps, env, ruler).unwrap();
[INFO] [stdout]    |                                              ^^^^^^ not found in this scope
[INFO] [stdout]    |
[INFO] [stdout] help: consider importing this function
[INFO] [stdout]    |
[INFO] [stdout] 20 | use wasmbet_contract_timeroulette::contract::handle;
[INFO] [stdout]    |
[INFO] [stdout] 
[INFO] [stdout] 
[INFO] [stdout] error[E0425]: cannot find function `handle` in this scope
[INFO] [stdout]   --> tests/integration.rs:80:47
[INFO] [stdout]    |
[INFO] [stdout] 80 |     let try_ruler_response2: HandleResponse = handle(&mut deps, env2, ruler2).unwrap();
[INFO] [stdout]    |                                               ^^^^^^ not found in this scope
[INFO] [stdout]    |
[INFO] [stdout] help: consider importing this function
[INFO] [stdout]    |
[INFO] [stdout] 20 | use wasmbet_contract_timeroulette::contract::handle;
[INFO] [stdout]    |
[INFO] [stdout] 
[INFO] [stdout] 
[INFO] [stdout] error[E0425]: cannot find function `query` in this scope
[INFO] [stdout]   --> tests/integration.rs:86:15
[INFO] [stdout]    |
[INFO] [stdout] 86 |     let res = query(&mut deps, QueryMsg::GetMyRoomState{address:addres}).unwrap();
[INFO] [stdout]    |               ^^^^^ not found in this scope
[INFO] [stdout]    |
[INFO] [stdout] help: consider importing this function
[INFO] [stdout]    |
[INFO] [stdout] 20 | use wasmbet_contract_timeroulette::contract::query;
[INFO] [stdout]    |
[INFO] [stdout] 
[INFO] [stdout] 
[INFO] [stdout] error[E0425]: cannot find function `query` in this scope
[INFO] [stdout]   --> tests/integration.rs:88:16
[INFO] [stdout]    |
[INFO] [stdout] 88 |     let res2 = query(&mut deps, QueryMsg::GetMyRoomState{address:addres2}).unwrap();
[INFO] [stdout]    |                ^^^^^ not found in this scope
[INFO] [stdout]    |
[INFO] [stdout] help: consider importing this function
[INFO] [stdout]    |
[INFO] [stdout] 20 | use wasmbet_contract_timeroulette::contract::query;
[INFO] [stdout]    |
[INFO] [stdout] 
[INFO] [stdout] 
[INFO] [stdout] error[E0425]: cannot find function `query` in this scope
[INFO] [stdout]   --> tests/integration.rs:90:16
[INFO] [stdout]    |
[INFO] [stdout] 90 |     let res3 = query(&mut deps, QueryMsg::Getstate{}).unwrap();
[INFO] [stdout]    |                ^^^^^ not found in this scope
[INFO] [stdout]    |
[INFO] [stdout] help: consider importing this function
[INFO] [stdout]    |
[INFO] [stdout] 20 | use wasmbet_contract_timeroulette::contract::query;
[INFO] [stdout]    |
[INFO] [stdout] 
[INFO] [stdout] 
[INFO] [stdout] warning: unused imports: `HandleResult`, `StdError`
[INFO] [stdout]   --> tests/integration.rs:20:67
[INFO] [stdout]    |
[INFO] [stdout] 20 | use cosmwasm_std::{ HumanAddr,coins, from_binary, HandleResponse, HandleResult, InitResponse, StdError,Uint128};
[INFO] [stdout]    |                                                                   ^^^^^^^^^^^^                ^^^^^^^^
[INFO] [stdout]    |
[INFO] [stdout]    = note: `#[warn(unused_imports)]` on by default
[INFO] [stdout] 
[INFO] [stdout] 
[INFO] [stdout] error[E0599]: no variant named `Getstate` found for enum `QueryMsg`
[INFO] [stdout]   --> tests/integration.rs:49:42
[INFO] [stdout]    |
[INFO] [stdout] 49 |     let res = query(&mut deps, QueryMsg::Getstate{}).unwrap();
[INFO] [stdout]    |                                          ^^^^^^^^ help: there is a variant with a similar name: `Getmystate`
[INFO] [stdout] 
[INFO] [stdout] 
[INFO] [stdout] error[E0599]: no variant named `GetMyRoomState` found for enum `QueryMsg`
[INFO] [stdout]   --> tests/integration.rs:86:42
[INFO] [stdout]    |
[INFO] [stdout] 86 |     let res = query(&mut deps, QueryMsg::GetMyRoomState{address:addres}).unwrap();
[INFO] [stdout]    |                                          ^^^^^^^^^^^^^^ variant not found in `QueryMsg`
[INFO] [stdout] 
[INFO] [stdout] 
[INFO] [stdout] error[E0599]: no variant named `GetMyRoomState` found for enum `QueryMsg`
[INFO] [stdout]   --> tests/integration.rs:88:43
[INFO] [stdout]    |
[INFO] [stdout] 88 |     let res2 = query(&mut deps, QueryMsg::GetMyRoomState{address:addres2}).unwrap();
[INFO] [stdout]    |                                           ^^^^^^^^^^^^^^ variant not found in `QueryMsg`
[INFO] [stdout] 
[INFO] [stdout] 
[INFO] [stdout] error[E0599]: no variant named `Getstate` found for enum `QueryMsg`
[INFO] [stdout]   --> tests/integration.rs:90:43
[INFO] [stdout]    |
[INFO] [stdout] 90 |     let res3 = query(&mut deps, QueryMsg::Getstate{}).unwrap();
[INFO] [stdout]    |                                           ^^^^^^^^ help: there is a variant with a similar name: `Getmystate`
[INFO] [stdout] 
[INFO] [stdout] 
[INFO] [stdout] error: aborting due to 19 previous errors; 1 warning emitted
[INFO] [stdout] 
[INFO] [stdout] 
[INFO] [stdout] Some errors have detailed explanations: E0425, E0432, E0433, E0574, E0599.
[INFO] [stdout] 
[INFO] [stdout] For more information about an error, try `rustc --explain E0425`.
[INFO] [stdout] 
[INFO] [stderr] error: build failed
[INFO] running `Command { std: "docker" "inspect" "cd2b2bec6ad0cce9f7e8951be72008c01b37f4f3ee202f2eebbecc0ba5d3108a", kill_on_drop: false }`
[INFO] running `Command { std: "docker" "rm" "-f" "cd2b2bec6ad0cce9f7e8951be72008c01b37f4f3ee202f2eebbecc0ba5d3108a", kill_on_drop: false }`
[INFO] [stdout] cd2b2bec6ad0cce9f7e8951be72008c01b37f4f3ee202f2eebbecc0ba5d3108a
